 = d**3 + 6*d**2 - d - 3. Let f be y(-6). Let x(h) = -h**3 + 1 + f - 2*h + 3*h**2 - h. Suppose 4*i - 5*v + 3 = 0, -i - 6 + 3 = -2*v. Give x(i).
-5
Let d(s) = 1 - 2*s + 0 + 1. Calculate d(-2).
6
Suppose c + 9*c + 20 = 0. Let u(g) = -4*g - 3. What is u(c)?
5
Let j(t) be the first derivative of -t**4/4 - t**2/2 + 1. Let q = -16 - -7. Let k = q - -8. Determine j(k).
2
Let w be -3 + -2 + 2 + 2. Let u(z) = -z + 1. Let b(c) = 3*c**2 - 5*c + 7. Let o(i) = w*b(i) + 6*u(i). Give o(-1).
-3
Suppose -35 = -3*h + 19. Let k = -20 + h. Let u(y) be the first derivative of y**3/3 + 2*y**2 + y + 1. Determine u(k).
-3
Let a(n) = n**3 + 10*n**2 + 10*n + 9. Let f be a(-9). Let o(p) = -p + 10. Give o(f).
10
Let x = -6 + 2. Suppose -2*z = -z - 3. Let c(v) = 1 + 3 - v + z*v + 3*v**3 + 4*v**2 - 2*v**3. Calculate c(x).
-4
Let p(k) = 2*k + 0 + 0. Let o(m) = 3*m. Let d(i) = 4*o(i) - 5*p(i). Suppose -z - 3*z = 5*n - 33, 3*z + 14 = 4*n. Calculate d(n).
10
Suppose 3*v - 6*v = 21. Let m(s) = -s - 1. What is m(v)?
6
Let t(h) be the second derivative of -h**4/12 - 7*h**3/6 + 7*h**2/2 - 38*h. What is t(-8)?
-1
Let l(a) = 2*a**3 - 2*a**2 - a - 2. Let n be l(2). Let h(o) = 2*o - 3. Give h(n).
5
Let f(y) be the third derivative of y**4/24 - 5*y**3/6 - 27*y**2. Suppose 3*d + 4*a + 6 = 6*d, 0 = -a + 3. Give f(d).
1
Let r(l) = -l**2 - 9*l - 2. Let k(m) be the second derivative of -m**4/12 - 4*m**3/3 - m**2/2 - m. Let d(c) = -6*k(c) + 5*r(c). Give d(-4).
0
Let v(d) = -d + 5 - 2 + 2*d**3 + 2*d**2 - 2. Let p = 14 + -10. Let h(r) = -r**3 + 3*r**2 + 4*r - 2. Let j be h(p). Calculate v(j).
-5
Let s(t) = -3*t + 4. Suppose 3*f - 2*d = -9, 3*f - 6 = 5*f + 3*d. Calculate s(f).
13
Let s be 2 + (-2 - 0)*3. Let a(g) = -5*g**2 + 8*g + 3. Let z(w) = -4*w**2 + 7*w + 2. Let j(m) = 5*a(m) - 6*z(m). Determine j(s).
-5
Let l = -12 - -15. Let z(d) = 3*d**2. Let y be z(-1). Let p(m) = -2 + y*m**2 - m**3 + 0*m - 2*m + 3. Calculate p(l).
-5
Let t(w) = 11*w**3 + w**2 - w - 1. Let v = 141 - 142. Give t(v).
-10
Let g(v) be the second derivative of 0 - 7/2*v**2 + 1/12*v**4 - 2/3*v**3 - 2*v. Let d(q) = 2*q - 9. Let m be d(7). Give g(m).
-2
Let c(v) = v**2 + 4*v - 8. Suppose 0 - 18 = 3*n. Let b be c(n). Let f(w) = -w**2 + 5*w - 4. What is f(b)?
0
Let u(z) = z - 2. Let x be ((-3)/12*-14)/((-14)/28). Calculate u(x).
-9
Let z(q) = -2*q - 4. Suppose 0*v - 3*v = -9, 2*t = 4*v - 18. What is z(t)?
2
Let l(v) = v**2 + 6*v - 4. Suppose -15 = 2*q - 3. Determine l(q).
-4
Let i(n) = n + 3. Let c be i(0). Let q(f) be the first derivative of 1/2*f**2 - 1/4*f**4 + f**3 - 3*f - 2. Calculate q(c).
0
Suppose 5*s + 3 + 2 = 0. Let h(l) be the second derivative of 2*l**3/3 - 8*l. What is h(s)?
-4
Let n(w) be the third derivative of -w**5/60 - w**3/6 + w**2. Let z be 7/4 - (0 + 2/(-8)). Let a be n(z). Let t(s) = s**2 + 7*s + 7. Calculate t(a).
-3
Suppose -2*x + 3*b + 2 = b, -3*x = 5*b - 27. Let q(m) be the first derivative of -m**2/2 - 4*m - 10. Determine q(x).
-8
Let m(y) be the first derivative of y**2/2 - 5*y - 6. Let j = -35 + 60. Suppose 3*z + 2*z = j. Give m(z).
0
Let m(k) = -2*k + 2 + 1 - 1. Suppose w - 2*s - 4 = 0, -3*s = 3*w + w + 17. Calculate m(w).
6
Suppose -2*r - 28 = 2*r. Let u = -10 - r. Let z(i) = -i**3 - i**2 + 5*i + 4. What is z(u)?
7
Let s = -119 + 122. Let r(k) be the first derivative of -k**4/4 + 5*k**3/3 - 3*k**2/2 - 3. Give r(s).
9
Let i(b) be the first derivative of -b**4/4 + b**3 + 5*b**2/2 - 2*b - 1. What is i(3)?
13
Let d(k) = -3 + k - 2*k + 5*k + k**2 + 1. Let n(l) = l**3 - 7*l**2 - 10*l + 11. Let c be n(8). What is d(c)?
3
Let r(u) = 2*u**3 + 5*u**2 + 5*u + 5. Let x(g) be the second derivative of g**5/4 + 7*g**4/6 + 7*g**3/3 + 7*g**2 + g. Let l(o) = -8*r(o) + 3*x(o). Give l(3).
-1
Suppose i = 5*l + 14, -5*i + 3*l - 18 = -0*i. Let j be i/1*5/15. Let h(p) = -p**2 + 2*p. Give h(j).
-8
Let s(f) = -2 + 1961*f**2 - 1962*f**2 + 5 - 4*f. Suppose 2*o = o. Let i be (-2 - (o + -1))*4. Give s(i).
3
Suppose 0 = 3*g + 2*g - 25. Let j be (-2 - -1) + 5 + -2. Let d(h) = -6 + h**2 - 5*h + 0 + 0*h**j. Give d(g).
-6
Let a(b) be the second derivative of b**4/12 - b**3/6 + 3*b**2/2 + b. Suppose 2*o = -2*o - 2*m + 4, 3*m + 21 = 3*o. Suppose 8*n = o*n. Give a(n).
3
Let u(i) = 3 + 3 + 6*i + 0 - 2*i + i**2. Calculate u(-4).
6
Let h(x) = -x**3 - 5*x**2 + 5*x. Let w(m) = -m**3 + m**2 + 2*m - 6. Let j be w(2). Calculate h(j).
6
Let v(w) = -w**3 - 2*w**2 + w - 1. Let b be v(-3). Suppose -4*d - b + 29 = 0. Suppose 0 = -3*m + m + d. Let y(t) = t - 1. Give y(m).
2
Let s = -3 - -5. Let b(n) = -2*n**2 - 7 - s*n**2 + 0*n**2 + 3*n + 5*n**2. Suppose -4*l - 12 = 8. Determine b(l).
3
Suppose 2*j = -2*j - 16, 3*i + j = -1. Let u(k) = -9*k**2 + 2*k - 1. Give u(i).
-8
Let v(a) = 2*a - 1. Suppose 2*y = 4*c - 2*y - 48, -3*c = -4*y - 40. Let h = -11 + c. Give v(h).
-7
Suppose 0 = -55*z + 51*z + 8. Let d(h) be the first derivative of -2*h**3/3 + h**2 - h - 1. Calculate d(z).
-5
Let z(i) = -i**3 + 3*i**2 - 3*i. Let x be 2 + 8 + (-1 - -1). Suppose 0*s - 3*s + o = -x, -2*o = -s + 10. Calculate z(s).
-2
Suppose 3*z + 2*s = 17, -5*z = 4*s - 22 - 9. Suppose 7*g - z*g + 32 = 0. Let n = g + 4. Let b(q) = -q - 2. What is b(n)?
2
Let s = 12 - 10. Let j(g) = 0*g - g**s + 5*g**3 - 5*g**3 + 1 + g**3 - g. What is j(1)?
0
Let y(i) be the third derivative of i**7/2520 + i**6/240 + i**5/20 + 3*i**2. Let n(q) be the third derivative of y(q). Calculate n(-3).
-3
Let p(h) = -h - 1. Suppose 0 = -14*r + 13*r + 3. Give p(r).
-4
Let m(q) = -q**3 + 4*q**3 + 0 + 3*q - 9 - 6*q**2 - 2*q**3. Give m(6).
9
Let u(v) = 3*v - 3*v - v**2 + 10*v - 4*v. Calculate u(5).
5
Let u(b) be the second derivative of b**4/12 + 7*b**3/6 - 3*b**2 - 3*b. Determine u(-6).
-12
Suppose -5*q - 4 = 5*w - 19, -3*q = -4*w + 12. Let f(m) = m**3 - m**2 - m - 3. What is f(w)?
12
Let v(q) be the second derivative of 7/6*q**3 - 2*q + 0 - 1/2*q**2. Give v(1).
6
Let s = 51 - 46. Let u(l) be the third derivative of 1/12*l**4 + 0 + 0*l + 5*l**2 - 1/60*l**s - 1/3*l**3. Give u(3).
-5
Let i = -1 - -8. Suppose g + i = 2. Let h(b) be the first derivative of -b**3/3 - 5*b**2/2 + 4*b + 20. Give h(g).
4
Let p be (-4)/2*(-3)/(-6). Let c(l) = 42*l - 33 - 28*l + 33. Calculate c(p).
-14
Let u(o) = -11*o**3 + o**2. Suppose -h - 19 = 3*d, 5*d + 47 = 3*h + 6. Let g(f) = 8 - f**2 - 6*f - 2*f**2 + 2*f**2. Let w be g(d). Give u(w).
-10
Let l(h) = -h**3 + 6*h**2 + 2*h - 4. Suppose -2*a - 2*x = a - 22, 4*x = a + 2. Give l(a).
8
Let p = -1 - 0. Let m(a) = -2*a - 2 - 1 + 4. Give m(p).
3
Let u(s) = 3*s - 4. Let z(f) = -f + 1. Let h be z(-5). Let t = -3 + h. Determine u(t).
5
Let m(f) = -4*f + 4*f**3 - 1 - 5*f**2 - 5*f**3 + 2. Suppose x + 16 = 4*o, -6*o + 10*o + 8 = -5*x. Calculate m(x).
1
Let x(i) = i**3 + i**2 + 22. Let c be x(0). Suppose 8 = -3*y + 4*s, -y + c = 2*y + 2*s. Suppose y*b = -0*b - 20. Let j(z) = -z - 1. Give j(b).
4
Suppose 0 = 4*d + 4*o + 12, -18 = -4*d + o + o. Let g(x) = 0*x - 2*x + 1 + 3*x**d - 6*x**2. Let n = -2 - 0. Give g(n).
-7
Let s(k) = k**3 + 2*k**2 - k - 2. Let i(n) = n + 8. Let a be i(-7). Let h be (3 - a)/((-2)/3). Calculate s(h).
-8
Let b = 2 - -4. Let o(p) be the first derivative of -p**6/360 + p**5/24 + 7*p**4/24 + 2*p**3/3 - 1. Let i(k) be the third derivative of o(k). What is i(b)?
1
Let g(k) = 3*k**3 - 6*k**2 + 2*k - 1. Let x(v) = -4*v**3 + 7*v**2 - 3*v + 1. Let i(p) = 5*g(p) + 4*x(p). Calculate i(-1).
0
Let a(j) = j**2 + j. Suppose v + 4*q + 5 = -q, -3*v - 15 = -3*q. Let t be 2/v - 12/20. Calculate a(t).
0
Suppose 5*w - 3*w - 9 = -r, -2*r + 5*w = 18. Let o(f) = -f**2 - f - 1. Let y(d) = 11*d**2 + 7*d + 5. Let t(u) = -6*o(u) - y(u). Determine t(r).
-5
Suppose 2*g + 6 = -4. Let h = g + 3. Let t(f) = f**2 - 2. Calculate t(h).
2
Let d(o) = 2*o + 6. Suppose -28 = 5*c + 2*z - z, 4*z = 4*c + 32. Let l be d(c). Let i(x) = -x**2 - 8*x - 8. Determine i(l).
4
Let g be 20/6 + (-2)/6. Let z(q) = -q - 2 - 24*q**3 + 2*q + 23*q**g. What is z(-2)?
4
Let l(z) = z**3 - 8*z**2 + z - 5. Let u be l(8). Suppose h - u*h + 7 = -3*i, 4*i + 28 = -2*h. Let g(o) = o**3 + 5*o**2 + 5*o + 2. Determine g(h).
-2
Let b(n) be the first derivative of -n**4/2 + n**3/3 - n**2/2 + n + 1. Suppose 17 = 2*q - 9. Suppose 4*l = 3*w + q, -4 = w - l - 1. Give b(w).
-1
Let u = 12 + -7. Suppose -2*o - 4*p - 8 = 0, 3*o - u*o + 4*p = 0. Let j(h) = 2*